{"id":1161,"date":"2020-01-13T10:52:11","date_gmt":"2020-01-13T09:52:11","guid":{"rendered":"http:\/\/collectif-apres.fr\/?page_id=1161"},"modified":"2020-01-13T10:57:10","modified_gmt":"2020-01-13T09:57:10","slug":"audrey-girard","status":"publish","type":"page","link":"https:\/\/collectif-apres.fr\/index.php\/audrey-girard\/","title":{"rendered":"Audrey Girard"},"content":{"rendered":"\t\t<div data-elementor-type=\"wp-page\" data-elementor-id=\"1161\" class=\"elementor elementor-1161\">\n\t\t\t\t\t\t<section class=\"elementor-section elementor-top-section elementor-element elementor-element-77e7d827 elementor-section-boxed elementor-section-height-default elementor-section-height-default\" data-id=\"77e7d827\" data-element_type=\"section\" data-e-type=\"section\">\n\t\t\t\t\t\t<div class=\"elementor-container elementor-column-gap-wide\">\n\t\t\t\t\t<div class=\"elementor-column elementor-col-33 elementor-top-column elementor-element elementor-element-2a736534\" data-id=\"2a736534\" data-element_type=\"column\" data-e-type=\"column\">\n\t\t\t<div class=\"elementor-widget-wrap elementor-element-populated\">\n\t\t\t\t\t\t<div class=\"elementor-element elementor-element-411e3601 elementor-widget elementor-widget-image\" data-id=\"411e3601\" data-element_type=\"widget\" data-e-type=\"widget\" data-widget_type=\"image.default\">\n\t\t\t\t<div class=\"elementor-widget-container\">\n\t\t\t\t\t\t\t\t\t\t\t\t\t\t\t<img fetchpriority=\"high\" decoding=\"async\" width=\"768\" height=\"1024\" src=\"https:\/\/collectif-apres.fr\/wp-content\/uploads\/2020\/01\/IMG_3977-768x1024.jpg\" class=\"attachment-large size-large wp-image-1107\" alt=\"\" srcset=\"https:\/\/collectif-apres.fr\/wp-content\/uploads\/2020\/01\/IMG_3977-768x1024.jpg 768w, https:\/\/collectif-apres.fr\/wp-content\/uploads\/2020\/01\/IMG_3977-225x300.jpg 225w, https:\/\/collectif-apres.fr\/wp-content\/uploads\/2020\/01\/IMG_3977-1152x1536.jpg 1152w, https:\/\/collectif-apres.fr\/wp-content\/uploads\/2020\/01\/IMG_3977-1536x2048.jpg 1536w, https:\/\/collectif-apres.fr\/wp-content\/uploads\/2020\/01\/IMG_3977-600x800.jpg 600w, https:\/\/collectif-apres.fr\/wp-content\/uploads\/2020\/01\/IMG_3977-scaled.jpg 1920w\" sizes=\"(max-width: 768px) 100vw, 768px\" \/>\t\t\t\t\t\t\t\t\t\t\t\t\t\t\t<\/div>\n\t\t\t\t<\/div>\n\t\t\t\t\t<\/div>\n\t\t<\/div>\n\t\t\t\t<div class=\"elementor-column elementor-col-66 elementor-top-column elementor-element elementor-element-6815477a\" data-id=\"6815477a\" data-element_type=\"column\" data-e-type=\"column\">\n\t\t\t<div class=\"elementor-widget-wrap elementor-element-populated\">\n\t\t\t\t\t\t<div class=\"elementor-element elementor-element-60ef5e53 elementor-widget elementor-widget-text-editor\" data-id=\"60ef5e53\" data-element_type=\"widget\" data-e-type=\"widget\" data-widget_type=\"text-editor.default\">\n\t\t\t\t<div class=\"elementor-widget-container\">\n\t\t\t\t\t\t\t\t\t<p>Audrey Girard est art-th\u00e9rapeute utilisant \u00e0 la fois les m\u00e9diations arts plastiques, chant, argile et danse.<\/p><p>Plasticienne de formation (licence d\u2019arts plastiques, facult\u00e9 de lettres d\u2019Aix-Marseille), Audrey a effectu\u00e9 en parall\u00e8le une sp\u00e9cialisation en psychologie clinique. Elle a enseign\u00e9 les arts appliqu\u00e9s en lyc\u00e9e professionnel.<\/p><p>Elle s\u2019est orient\u00e9e ensuite vers l\u2019art-th\u00e9rapie et elle est titulaire d\u2019un Dipl\u00f4me Universitaire<span class=\"Apple-converted-space\">\u00a0<\/span>d\u2019art-th\u00e9rapie (facult\u00e9 de M\u00e9decine et de Pharmacie, Poitiers) certifi\u00e9e AFRATAPEM (Ecole d\u2019art-th\u00e9rapie, Tours).<\/p><p>Elle exerce depuis plus de 10 ans en psychiatrie Adulte ce qui lui a permis de d\u00e9velopper diff\u00e9rentes m\u00e9diations artistiques et de se former plus sp\u00e9cifiquement \u00e0 la danse-th\u00e9rapie (INFIPP).<\/p>\t\t\t\t\t\t\t\t<\/div>\n\t\t\t\t<\/div>\n\t\t\t\t\t<\/div>\n\t\t<\/div>\n\t\t\t\t\t<\/div>\n\t\t<\/section>\n\t\t\t\t<\/div>\n\t\t","protected":false},"excerpt":{"rendered":"<p>Audrey Girard est art-th\u00e9rapeute utilisant \u00e0 la fois les m\u00e9diations arts plastiques, chant, argile et danse. Plasticienne de formation (licence d\u2019arts plastiques, facult\u00e9 de lettres d\u2019Aix-Marseille), Audrey a effectu\u00e9 en parall\u00e8le une sp\u00e9cialisation en psychologie clinique. Elle a enseign\u00e9 les arts appliqu\u00e9s en lyc\u00e9e professionnel. Elle s\u2019est orient\u00e9e ensuite vers l\u2019art-th\u00e9rapie et elle est titulaire [&hellip;]<\/p>\n","protected":false},"author":1,"featured_media":0,"parent":0,"menu_order":0,"comment_status":"closed","ping_status":"closed","template":"","meta":{"_uag_custom_page_level_css":"","site-sidebar-layout":"no-sidebar","site-content-layout":"page-builder","ast-site-content-layout":"default","site-content-style":"default","site-sidebar-style":"default","ast-global-header-display":"","ast-banner-title-visibility":"","ast-main-header-display":"","ast-hfb-above-header-display":"","ast-hfb-below-header-display":"","ast-hfb-mobile-header-display":"","site-post-title":"disabled","ast-breadcrumbs-content":"","ast-featured-img":"disabled","footer-sml-layout":"","theme-transparent-header-meta":"default","adv-header-id-meta":"","stick-header-meta":"","header-above-stick-meta":"","header-main-stick-meta":"","header-below-stick-meta":"","astra-migrate-meta-layouts":"default","ast-page-background-enabled":"default","ast-page-background-meta":{"desktop":{"background-color":"var(--ast-global-color-4)","background-image":"","background-repeat":"repeat","background-position":"center center","background-size":"auto","background-attachment":"scroll","background-type":"","background-media":"","overlay-type":"","overlay-color":"","overlay-opacity":"","overlay-gradient":""},"tablet":{"background-color":"","background-image":"","background-repeat":"repeat","background-position":"center center","background-size":"auto","background-attachment":"scroll","background-type":"","background-media":"","overlay-type":"","overlay-color":"","overlay-opacity":"","overlay-gradient":""},"mobile":{"background-color":"","background-image":"","background-repeat":"repeat","background-position":"center center","background-size":"auto","background-attachment":"scroll","background-type":"","background-media":"","overlay-type":"","overlay-color":"","overlay-opacity":"","overlay-gradient":""}},"ast-content-background-meta":{"desktop":{"background-color":"var(--ast-global-color-5)","background-image":"","background-repeat":"repeat","background-position":"center center","background-size":"auto","background-attachment":"scroll","background-type":"","background-media":"","overlay-type":"","overlay-color":"","overlay-opacity":"","overlay-gradient":""},"tablet":{"background-color":"var(--ast-global-color-5)","background-image":"","background-repeat":"repeat","background-position":"center center","background-size":"auto","background-attachment":"scroll","background-type":"","background-media":"","overlay-type":"","overlay-color":"","overlay-opacity":"","overlay-gradient":""},"mobile":{"background-color":"var(--ast-global-color-5)","background-image":"","background-repeat":"repeat","background-position":"center center","background-size":"auto","background-attachment":"scroll","background-type":"","background-media":"","overlay-type":"","overlay-color":"","overlay-opacity":"","overlay-gradient":""}},"footnotes":""},"class_list":["post-1161","page","type-page","status-publish","hentry"],"uagb_featured_image_src":{"full":false,"thumbnail":false,"medium":false,"medium_large":false,"large":false,"1536x1536":false,"2048x2048":false,"woocommerce_thumbnail":false,"woocommerce_single":false,"woocommerce_gallery_thumbnail":false},"uagb_author_info":{"display_name":"admin6693","author_link":"https:\/\/collectif-apres.fr\/index.php\/author\/admin6693\/"},"uagb_comment_info":0,"uagb_excerpt":"Audrey Girard est art-th\u00e9rapeute utilisant \u00e0 la fois les m\u00e9diations arts plastiques, chant, argile et danse. Plasticienne de formation (licence d\u2019arts plastiques, facult\u00e9 de lettres d\u2019Aix-Marseille), Audrey a effectu\u00e9 en parall\u00e8le une sp\u00e9cialisation en psychologie clinique. Elle a enseign\u00e9 les arts appliqu\u00e9s en lyc\u00e9e professionnel. Elle s\u2019est orient\u00e9e ensuite vers l\u2019art-th\u00e9rapie et elle est titulaire\u2026","_links":{"self":[{"href":"https:\/\/collectif-apres.fr\/index.php\/wp-json\/wp\/v2\/pages\/1161","targetHints":{"allow":["GET"]}}],"collection":[{"href":"https:\/\/collectif-apres.fr\/index.php\/wp-json\/wp\/v2\/pages"}],"about":[{"href":"https:\/\/collectif-apres.fr\/index.php\/wp-json\/wp\/v2\/types\/page"}],"author":[{"embeddable":true,"href":"https:\/\/collectif-apres.fr\/index.php\/wp-json\/wp\/v2\/users\/1"}],"replies":[{"embeddable":true,"href":"https:\/\/collectif-apres.fr\/index.php\/wp-json\/wp\/v2\/comments?post=1161"}],"version-history":[{"count":7,"href":"https:\/\/collectif-apres.fr\/index.php\/wp-json\/wp\/v2\/pages\/1161\/revisions"}],"predecessor-version":[{"id":1169,"href":"https:\/\/collectif-apres.fr\/index.php\/wp-json\/wp\/v2\/pages\/1161\/revisions\/1169"}],"wp:attachment":[{"href":"https:\/\/collectif-apres.fr\/index.php\/wp-json\/wp\/v2\/media?parent=1161"}],"curies":[{"name":"wp","href":"https:\/\/api.w.org\/{rel}","templated":true}]}}

<div data-elementor-type="wp-page" data-elementor-id="1161" class="elementor elementor-1161">
						<section class="elementor-section elementor-top-section elementor-element elementor-element-77e7d827 elementor-section-boxed elementor-section-height-default elementor-section-height-default" data-id="77e7d827" data-element_type="section" data-e-type="section">
						<div class="elementor-container elementor-column-gap-wide">
					<div class="elementor-column elementor-col-33 elementor-top-column elementor-element elementor-element-2a736534" data-id="2a736534" data-element_type="column" data-e-type="column">
			<div class="elementor-widget-wrap elementor-element-populated">
						<div class="elementor-element elementor-element-411e3601 elementor-widget elementor-widget-image" data-id="411e3601" data-element_type="widget" data-e-type="widget" data-widget_type="image.default">
				<div class="elementor-widget-container">
															<img fetchpriority="high" decoding="async" width="768" height="1024" src="https://collectif-apres.fr/wp-content/uploads/2020/01/IMG_3977-768x1024.jpg" class="attachment-large size-large wp-image-1107" alt="" srcset="https://collectif-apres.fr/wp-content/uploads/2020/01/IMG_3977-768x1024.jpg 768w, https://collectif-apres.fr/wp-content/uploads/2020/01/IMG_3977-225x300.jpg 225w, https://collectif-apres.fr/wp-content/uploads/2020/01/IMG_3977-1152x1536.jpg 1152w, https://collectif-apres.fr/wp-content/uploads/2020/01/IMG_3977-1536x2048.jpg 1536w, https://collectif-apres.fr/wp-content/uploads/2020/01/IMG_3977-600x800.jpg 600w, https://collectif-apres.fr/wp-content/uploads/2020/01/IMG_3977-scaled.jpg 1920w" sizes="(max-width: 768px) 100vw, 768px" />															</div>
				</div>
					</div>
		</div>
				<div class="elementor-column elementor-col-66 elementor-top-column elementor-element elementor-element-6815477a" data-id="6815477a" data-element_type="column" data-e-type="column">
			<div class="elementor-widget-wrap elementor-element-populated">
						<div class="elementor-element elementor-element-60ef5e53 elementor-widget elementor-widget-text-editor" data-id="60ef5e53" data-element_type="widget" data-e-type="widget" data-widget_type="text-editor.default">
				<div class="elementor-widget-container">
									<p>Audrey Girard est art-thérapeute utilisant à la fois les médiations arts plastiques, chant, argile et danse.</p><p>Plasticienne de formation (licence d’arts plastiques, faculté de lettres d’Aix-Marseille), Audrey a effectué en parallèle une spécialisation en psychologie clinique. Elle a enseigné les arts appliqués en lycée professionnel.</p><p>Elle s’est orientée ensuite vers l’art-thérapie et elle est titulaire d’un Diplôme Universitaire<span class="Apple-converted-space"> </span>d’art-thérapie (faculté de Médecine et de Pharmacie, Poitiers) certifiée AFRATAPEM (Ecole d’art-thérapie, Tours).</p><p>Elle exerce depuis plus de 10 ans en psychiatrie Adulte ce qui lui a permis de développer différentes médiations artistiques et de se former plus spécifiquement à la danse-thérapie (INFIPP).</p>								</div>
				</div>
					</div>
		</div>
					</div>
		</section>
				</div>

<p>Audrey Girard est art-thérapeute utilisant à la fois les médiations arts plastiques, chant, argile et danse. Plasticienne de formation (licence d’arts plastiques, faculté de lettres d’Aix-Marseille), Audrey a effectué en parallèle une spécialisation en psychologie clinique. Elle a enseigné les arts appliqués en lycée professionnel. Elle s’est orientée ensuite vers l’art-thérapie et elle est titulaire [&hellip;]</p>

Audrey Girard est art-thérapeute utilisant à la fois les médiations arts plastiques, chant, argile et danse. Plasticienne de formation (licence d’arts plastiques, faculté de lettres d’Aix-Marseille), Audrey a effectué en parallèle une spécialisation en psychologie clinique. Elle a enseigné les arts appliqués en lycée professionnel. Elle s’est orientée ensuite vers l’art-thérapie et elle est titulaire…
