{"id":692,"date":"2019-03-21T13:32:59","date_gmt":"2019-03-21T13:32:59","guid":{"rendered":"http:\/\/harshad.sharkz.in\/?page_id=9"},"modified":"2020-01-22T10:29:31","modified_gmt":"2020-01-22T09:29:31","slug":"contact","status":"publish","type":"page","link":"https:\/\/collectif-apres.fr\/index.php\/contact\/","title":{"rendered":"Contact"},"content":{"rendered":"\t\t<div data-elementor-type=\"wp-post\" data-elementor-id=\"692\" class=\"elementor elementor-692\">\n\t\t\t\t\t\t<section class=\"elementor-section elementor-top-section elementor-element elementor-element-81dd272 elementor-section-boxed elementor-section-height-default elementor-section-height-default\" data-id=\"81dd272\" data-element_type=\"section\" data-e-type=\"section\">\n\t\t\t\t\t\t<div class=\"elementor-container elementor-column-gap-default\">\n\t\t\t\t\t<div class=\"elementor-column elementor-col-100 elementor-top-column elementor-element elementor-element-fdac324\" data-id=\"fdac324\" data-element_type=\"column\" data-e-type=\"column\">\n\t\t\t<div class=\"elementor-widget-wrap elementor-element-populated\">\n\t\t\t\t\t\t<section class=\"elementor-section elementor-inner-section elementor-element elementor-element-f3e073a elementor-section-boxed elementor-section-height-default elementor-section-height-default\" data-id=\"f3e073a\" data-element_type=\"section\" data-e-type=\"section\">\n\t\t\t\t\t\t<div class=\"elementor-container elementor-column-gap-default\">\n\t\t\t\t\t<div class=\"elementor-column elementor-col-50 elementor-inner-column elementor-element elementor-element-e9ba5d2\" data-id=\"e9ba5d2\" data-element_type=\"column\" data-e-type=\"column\">\n\t\t\t<div class=\"elementor-widget-wrap elementor-element-populated\">\n\t\t\t\t\t\t<div class=\"elementor-element elementor-element-f9007ac elementor-widget elementor-widget-text-editor\" data-id=\"f9007ac\" data-element_type=\"widget\" data-e-type=\"widget\" data-widget_type=\"text-editor.default\">\n\t\t\t\t<div class=\"elementor-widget-container\">\n\t\t\t\t\t\t\t\t\t<p><span style=\"text-decoration: underline;\"><strong>ART THERAPEUTE: Audrey Girard<\/strong><\/span><\/p><p>a.girard@collectif-apres.fr<br \/>Tel: 06 03 49 37 00<\/p><p><span style=\"text-decoration: underline;\"><strong>PSYCHOLOGUE<\/strong><strong> :\u00a0Elodie Frediani<\/strong><\/span><\/p><p>e.frediani@collectif-apres.fr<br \/>Tel: 06 08 66 61 26<\/p><p><span style=\"text-decoration: underline;\"><strong>SOPHROLOGUE: Carole Picot<\/strong><\/span><\/p><p>c.picot@collectif-apres.fr<br \/>Tel: 07 87 19 19 27<\/p>\t\t\t\t\t\t\t\t<\/div>\n\t\t\t\t<\/div>\n\t\t\t\t\t<\/div>\n\t\t<\/div>\n\t\t\t\t<div class=\"elementor-column elementor-col-50 elementor-inner-column elementor-element elementor-element-8c632cf\" data-id=\"8c632cf\" data-element_type=\"column\" data-e-type=\"column\">\n\t\t\t<div class=\"elementor-widget-wrap elementor-element-populated\">\n\t\t\t\t\t\t<div class=\"elementor-element elementor-element-b6e8ac0 elementor-widget elementor-widget-google_maps\" data-id=\"b6e8ac0\" data-element_type=\"widget\" data-e-type=\"widget\" data-widget_type=\"google_maps.default\">\n\t\t\t\t<div class=\"elementor-widget-container\">\n\t\t\t\t\t\t\t<div class=\"elementor-custom-embed\">\n\t\t\t<iframe loading=\"lazy\"\n\t\t\t\t\tsrc=\"https:\/\/maps.google.com\/maps?q=23-25%20rue%20Edmond%20Rostand%2013006%20Marseille&#038;t=m&#038;z=15&#038;output=embed&#038;iwloc=near\"\n\t\t\t\t\ttitle=\"23-25 rue Edmond Rostand 13006 Marseille\"\n\t\t\t\t\taria-label=\"23-25 rue Edmond Rostand 13006 Marseille\"\n\t\t\t><\/iframe>\n\t\t<\/div>\n\t\t\t\t\t\t<\/div>\n\t\t\t\t<\/div>\n\t\t\t\t<div class=\"elementor-element elementor-element-ef50030 elementor-widget elementor-widget-text-editor\" data-id=\"ef50030\" data-element_type=\"widget\" data-e-type=\"widget\" data-widget_type=\"text-editor.default\">\n\t\t\t\t<div class=\"elementor-widget-container\">\n\t\t\t\t\t\t\t\t\t<p><span style=\"text-decoration: underline;\">METRO<\/span><br \/>M\u00e9tro 1 : arr\u00eat Estrangin ou Castellane<br \/>M\u00e9tro 2 : arr\u00eat Castellane<br \/><span style=\"text-decoration: underline;\">TRAMWAY<\/span><br \/>Ligne 3 : arr\u00eat Rome-Dragon<br \/><span style=\"text-decoration: underline;\">BUS<\/span><br \/>Lignes B1, 18, 19, 41, 50, 54, 73 et 74<\/p>\t\t\t\t\t\t\t\t<\/div>\n\t\t\t\t<\/div>\n\t\t\t\t\t<\/div>\n\t\t<\/div>\n\t\t\t\t\t<\/div>\n\t\t<\/section>\n\t\t\t\t\t<\/div>\n\t\t<\/div>\n\t\t\t\t\t<\/div>\n\t\t<\/section>\n\t\t\t\t<\/div>\n\t\t","protected":false},"excerpt":{"rendered":"<p>ART THERAPEUTE: Audrey Girard a.girard@collectif-apres.frTel: 06 03 49 37 00 PSYCHOLOGUE :\u00a0Elodie Frediani e.frediani@collectif-apres.frTel: 06 08 66 61 26 SOPHROLOGUE: Carole Picot c.picot@collectif-apres.frTel: 07 87 19 19 27 METROM\u00e9tro 1 : arr\u00eat Estrangin ou CastellaneM\u00e9tro 2 : arr\u00eat CastellaneTRAMWAYLigne 3 : arr\u00eat Rome-DragonBUSLignes B1, 18, 19, 41, 50, 54, 73 et 74<\/p>\n","protected":false},"author":1,"featured_media":0,"parent":0,"menu_order":0,"comment_status":"closed","ping_status":"closed","template":"elementor_header_footer","meta":{"_uag_custom_page_level_css":"","site-sidebar-layout":"no-sidebar","site-content-layout":"page-builder","ast-site-content-layout":"default","site-content-style":"default","site-sidebar-style":"default","ast-global-header-display":"","ast-banner-title-visibility":"","ast-main-header-display":"","ast-hfb-above-header-display":"","ast-hfb-below-header-display":"","ast-hfb-mobile-header-display":"","site-post-title":"disabled","ast-breadcrumbs-content":"","ast-featured-img":"disabled","footer-sml-layout":"","theme-transparent-header-meta":"default","adv-header-id-meta":"","stick-header-meta":"","header-above-stick-meta":"","header-main-stick-meta":"","header-below-stick-meta":"","astra-migrate-meta-layouts":"default","ast-page-background-enabled":"default","ast-page-background-meta":{"desktop":{"background-color":"var(--ast-global-color-4)","background-image":"","background-repeat":"repeat","background-position":"center center","background-size":"auto","background-attachment":"scroll","background-type":"","background-media":"","overlay-type":"","overlay-color":"","overlay-opacity":"","overlay-gradient":""},"tablet":{"background-color":"","background-image":"","background-repeat":"repeat","background-position":"center center","background-size":"auto","background-attachment":"scroll","background-type":"","background-media":"","overlay-type":"","overlay-color":"","overlay-opacity":"","overlay-gradient":""},"mobile":{"background-color":"","background-image":"","background-repeat":"repeat","background-position":"center center","background-size":"auto","background-attachment":"scroll","background-type":"","background-media":"","overlay-type":"","overlay-color":"","overlay-opacity":"","overlay-gradient":""}},"ast-content-background-meta":{"desktop":{"background-color":"var(--ast-global-color-5)","background-image":"","background-repeat":"repeat","background-position":"center center","background-size":"auto","background-attachment":"scroll","background-type":"","background-media":"","overlay-type":"","overlay-color":"","overlay-opacity":"","overlay-gradient":""},"tablet":{"background-color":"var(--ast-global-color-5)","background-image":"","background-repeat":"repeat","background-position":"center center","background-size":"auto","background-attachment":"scroll","background-type":"","background-media":"","overlay-type":"","overlay-color":"","overlay-opacity":"","overlay-gradient":""},"mobile":{"background-color":"var(--ast-global-color-5)","background-image":"","background-repeat":"repeat","background-position":"center center","background-size":"auto","background-attachment":"scroll","background-type":"","background-media":"","overlay-type":"","overlay-color":"","overlay-opacity":"","overlay-gradient":""}},"footnotes":""},"class_list":["post-692","page","type-page","status-publish","hentry"],"uagb_featured_image_src":{"full":false,"thumbnail":false,"medium":false,"medium_large":false,"large":false,"1536x1536":false,"2048x2048":false,"woocommerce_thumbnail":false,"woocommerce_single":false,"woocommerce_gallery_thumbnail":false},"uagb_author_info":{"display_name":"admin6693","author_link":"https:\/\/collectif-apres.fr\/index.php\/author\/admin6693\/"},"uagb_comment_info":0,"uagb_excerpt":"ART THERAPEUTE: Audrey Girard a.girard@collectif-apres.frTel: 06 03 49 37 00 PSYCHOLOGUE :\u00a0Elodie Frediani e.frediani@collectif-apres.frTel: 06 08 66 61 26 SOPHROLOGUE: Carole Picot c.picot@collectif-apres.frTel: 07 87 19 19 27 METROM\u00e9tro 1 : arr\u00eat Estrangin ou CastellaneM\u00e9tro 2 : arr\u00eat CastellaneTRAMWAYLigne 3 : arr\u00eat Rome-DragonBUSLignes B1, 18, 19, 41, 50, 54, 73 et 74","_links":{"self":[{"href":"https:\/\/collectif-apres.fr\/index.php\/wp-json\/wp\/v2\/pages\/692","targetHints":{"allow":["GET"]}}],"collection":[{"href":"https:\/\/collectif-apres.fr\/index.php\/wp-json\/wp\/v2\/pages"}],"about":[{"href":"https:\/\/collectif-apres.fr\/index.php\/wp-json\/wp\/v2\/types\/page"}],"author":[{"embeddable":true,"href":"https:\/\/collectif-apres.fr\/index.php\/wp-json\/wp\/v2\/users\/1"}],"replies":[{"embeddable":true,"href":"https:\/\/collectif-apres.fr\/index.php\/wp-json\/wp\/v2\/comments?post=692"}],"version-history":[{"count":16,"href":"https:\/\/collectif-apres.fr\/index.php\/wp-json\/wp\/v2\/pages\/692\/revisions"}],"predecessor-version":[{"id":1200,"href":"https:\/\/collectif-apres.fr\/index.php\/wp-json\/wp\/v2\/pages\/692\/revisions\/1200"}],"wp:attachment":[{"href":"https:\/\/collectif-apres.fr\/index.php\/wp-json\/wp\/v2\/media?parent=692"}],"curies":[{"name":"wp","href":"https:\/\/api.w.org\/{rel}","templated":true}]}}